 f?
5, 97
Suppose 20 = -c + 6*c. Suppose 0 = c*i - 5 - 7. Suppose 2 = 5*g - 2*q - 163, q = i*g - 98. List the prime factors of g.
31
Let c(v) = 25*v**2 - 14*v - 18. What are the prime factors of c(-4)?
2, 3, 73
Let y(v) = 193*v - 184. List the prime factors of y(18).
2, 5, 7, 47
Let q be (8 + 2)/((-2)/(-40)). Suppose 17*o = 22*o - q. List the prime factors of o.
2, 5
Let q(w) = 2*w**3 + 25*w**2 + 4*w + 2. What are the prime factors of q(-12)?
2, 7
Let h be 6 - (-6 + 3)/(-3). Suppose -2*d - h*j - 39 = 0, 30 + 7 = -d + j. Let m = 49 + d. List the prime factors of m.
17
Let t(h) = -169*h - 8. Let n be t(1). Let f = 304 + n. What are the prime factors of f?
127
Let x be (-949 - -11)*(-1)/2. Let b = x + -317. List the prime factors of b.
2, 19
Let x be (2 + -8 - 0)/(1/(-1)). Let r(w) = w**3 - 3*w**2 + 5*w + 15. List the prime factors of r(x).
3, 17
Let f(p) be the first derivative of 10*p + 9 + 17/3*p**3 - 1/4*p**4 - 15/2*p**2. List the prime factors of f(16).
2, 13
Let q(a) = 24*a - 6. What are the prime factors of q(4)?
2, 3, 5
Suppose 2*a + 2*a = -l + 1415, 3*a = -3*l + 1068. What are the prime factors of a?
353
Let s(q) = 2*q + q**2 - 3 + 3 + 4 - 2. Let v be s(0). Suppose v*p = -t + 10, 11 - 1 = t - 4*p. List the prime factors of t.
2, 5
Let u be 12/8 + 62/4. Suppose -3*g + 0*z - 4*z + u = 0, -5*g = 3*z - 32. What are the prime factors of (-2 + (-1 - -4))*g?
7
Suppose -7*u + 2*u = 5. Let m be (2 + (u - 2))*-2. Suppose b + 6 = m*b. What are the prime factors of b?
2, 3
Let v(b) = -7*b**3 - b**2 - b - 1. Let x be v(-1). Suppose -w + x = w. Suppose w*y = -6, y = m - 6*m + 33. What are the prime factors of m?
7
Let x(m) = 45*m + 58. List the prime factors of x(48).
2, 1109
Let o(l) = -4*l + 3. Let t(r) = 5*r - 2. Let s(z) = -6*o(z) - 5*t(z). Let x be s(-7). List the prime factors of (-6 - (-4 - 0))/x.
2
Let v(h) = -h**3 - 2*h**2 - 6*h - 35. List the prime factors of v(-10).
3, 5, 11
Let q(a) = 5*a + 4. Let x(m) = 2*m - 8. Let b be x(5). What are the prime factors of q(b)?
2, 7
Let d = -547 + 1326. List the prime factors of d.
19, 41
Suppose 30*f - 19357 = 17*f. What are the prime factors of f?
1489
Suppose -4*l + 15 = -3*m, 2*l + 0*l = -5*m + 1. What are the prime factors of l*(-2)/10 - 256/(-10)?
5
Suppose -24*d + 78939 + 36357 = 0. List the prime factors of d.
2, 1201
Let o be (-6)/(-6)*(0 - 0). Suppose 3*x - 4*j = -0*x - 3, o = 2*j - 6. List the prime factors of (x/(-2))/(3/(-14)).
7
Let a be (-2964)/(-15) + 2/5. Let k = -57 + a. Suppose 0 = 5*w + 2*x - k, x + x - 83 = -3*w. What are the prime factors of w?
29
Let x = -83 + 88. Suppose x*o - 256 = 3*m, 2 - 12 = 5*m. What are the prime factors of o?
2, 5
What are the prime factors of (-12)/(-30) + 1314/15?
2, 11
Let i = 1035 + 856. List the prime factors of i.
31, 61
Let m be ((-14)/(-70))/(1/10). Suppose 0*s - m*i = -2*s + 152, i = -5*s + 356. What are the prime factors of s?
2, 3
Suppose 2*v - 3*v + 24 = 4*r, 0 = -4*v + 3*r + 153. Let f be v/(-1)*(-33)/9. Let x = 192 - f. What are the prime factors of x?
2, 3, 5
Suppose 0 = 5*l - p + 99, 78 = -4*l - 3*p + 5*p. Let h = 22 + l. List the prime factors of 20*(2 - (-1 + h)).
2, 5
Suppose -4*b + 5*u = -245, -b - u + 40 = 2*u. Suppose 7*p + 4*g - 10 = 4*p, g + 5 = 3*p. Suppose p*r - 7*r = -b. List the prime factors of r.
11
What are the prime factors of -6 + -11 + 8 + 840?
3, 277
Let k(p) be the third derivative of 3*p**5/20 + p**4/6 - p**3 + 5*p**2. List the prime factors of k(3).
3, 29
Suppose -6*x = -2*x. Suppose 5*g - 4*g - 5*f + 33 = x, 0 = -4*f. List the prime factors of -335*(g/15 - -2).
67
Suppose 0 = 3*h - r - 1268, -6*h = -4*h + 3*r - 838. What are the prime factors of h?
2, 211
Let d = -382 - -672. What are the prime factors of d?
2, 5, 29
Let a(t) = -437*t - 255. List the prime factors of a(-8).
7, 463
Let r(c) = -c**3 + 18*c**2 - 9*c + 6. What are the prime factors of r(-9)?
2, 3, 379
Suppose -4*y = -3*f + 183 + 168, -5*y = -3*f + 351. What are the prime factors of f?
3, 13
Let s be (-8)/28 + 382/14. Let z be ((-72)/s)/((-2)/3). Suppose -3*k = -t + 43, 150 = 3*t - z*k + 2*k. List the prime factors of t.
2, 13
Let x(v) = 2875*v**2 + 54*v + 52. List the prime factors of x(-1).
13, 17
Suppose 228 + 102 = 2*j. List the prime factors of j.
3, 5, 11
Let j = -41 - -39. List the prime factors of (-1273)/38*1/(j/12).
3, 67
Suppose 0 = -0*m + 5*m. Let h = m + 6. What are the prime factors of (-16)/h*114/(-8)?
2, 19
Let c be (-16 + 14)/(2/(-6)). Suppose -4*p = -c - 34. List the prime factors of p.
2, 5
Let v be (-3)/(-1 + 4 + -4). Let c = v - -50. List the prime factors of c.
53
Let v(z) = -z + 9. Let p(m) = -m**2 + 4*m + 18. Let k be p(6). Let l be v(k). What are the prime factors of (9 - l)*20/2?
2, 3, 5
Suppose 8*x + 800 = 12*x. Let p = x + -40. What are the prime factors of p?
2, 5
List the prime factors of 80/(-14) + 6 - 4471/(-7).
3, 71
Let f(n) = 40*n**2 - 13*n - 3. List the prime factors of f(7).
2, 3, 311
Let u(z) = -3*z - 2. Let h be u(-2). Let f be h/1 + -7 + 10. Suppose t = 2*t - f. List the prime factors of t.
7
Suppose 19*r = 12*r + 23492. What are the prime factors of r?
2, 839
Suppose -29*t + 2356 = -25*t. Suppose 175 = -2*m - 4*k + t, k = 3. What are the prime factors of m?
3, 67
Let z(k) = 2*k**2 - 8*k - 4. Let a be z(4). Let v = a - -28. List the prime factors of v.
2, 3
List the prime factors of (2 + (-22)/4)/(24/(-4944)).
7, 103
Suppose 3123 = 3*y - 3*x, 2*y + 7*x = 3*x + 2112. What are the prime factors of y?
2, 523
List the prime factors of 2*174/8*(-138)/(-9).
23, 29
Let y(g) = 2*g + 3*g**2 - 3*g - 10 + 8. Let o be y(-1). Suppose 4*l - 50 = o*l. What are the prime factors of l?
5
What are the prime factors of 2 - -5 - (-16 + -1170)?
1193
Let h be ((-21)/(-7) + -1 + 2)*5. Suppose -17*w + h*w - 369 = 0. What are the prime factors of w?
3, 41
Suppose 5*a - 9072 = -7*a. What are the prime factors of a?
2, 3, 7
What are the prime factors of (-1594)/(-7) - (-17)/((-1428)/(-24))?
2, 3, 19
Suppose 0 = 2*d + 2*x - 2, -d + x + 23 = 4*d. Suppose a - d - 1 = 0, 3*i = 2*a + 152. What are the prime factors of i?
2, 3
Suppose 0 = -u + s + 1368 + 436, 4*u - 3*s - 7212 = 0. What are the prime factors of u?
2, 3, 5
Let i(g) = g**2 - 5*g + 288. List the prime factors of i(-17).
2, 331
Let p = 4353 - 2548. List the prime factors of p.
5, 19
Let g = 73 - 49. Suppose -7*x = -269 + g. Let p = 14 + x. List the prime factors of p.
7
Let t(l) = l**3 - 18*l**2 + 40*l - 7. Let k be t(17). Suppose 8*z - k = 160. What are the prime factors of z?
2, 17
Let z(y) = 36*y - 21. List the prime factors of z(4).
3, 41
Suppose 27*q - 27444 = 21*q. What are the prime factors of q?
2, 2287
Suppose -4*a + 2671 = -3*c + 6*c, -a = 5. What are the prime factors of c?
3, 13, 23
Let d(i) = -i - 3. Let t be d(-3). Suppose t = 3*y - 3*w - 9, 3*y + 0*w = -w + 9. Suppose -90 = -y*a - 2*a. What are the prime factors of a?
2, 3
Let v = -114 + 116. Let k(h) = 190*h**3 + h**2 + h + 1. Let n be k(-1). List the prime factors of 1/v - n/6.
2
Let c(v) = 0*v + 3 - 8*v - 21 + 10*v. What are the prime factors of c(17)?
2
List the prime factors of 1570/((-36)/(-4) - 8).
2, 5, 157
Suppose 3*k - 702 = -3*k. Suppose -2*v - k = -3*b + 34, 4*v = -5*b + 281. What are the prime factors of b?
53
Let m(b) = 45*b**2 - 2*b - 15. Let o be m(-3). Let z = -267 + o. What are the prime factors of z?
3, 43
Suppose -2*k - 3*k - 50 = 5*s, s - k = 0. Let l(u) = -u**2 - 7*u - 1. Let a be l(s). Let n = a - 4. What are the prime factors of n?
5
Let w = 10 + -21. Let d = w - -14. Suppose -20 = d*y - 83. List the prime factors of y.
3, 7
Let o = 9 + -12. Let n(f) = f**2 - 5*f - 4. Let c be n(o). Suppose -s - c = -2*s. What are the prime factors of s?
2, 5
Let l(y) = -2*y**3 + 3*y**2 + 5*y - 6. Let q be l(4). List the prime factors of q*(-1)/((-12)/(-8)).
2, 11
Let m(b) = b**2 - 7*b - 14. Let c be (-130)/(-8) + (-3)/12. What are the prime factors of m(c)?
2, 5, 13
Let f(l) = 188*l**2 + 23*l + 59. List the prime factors of f(-3).
2, 29
Let l(x) = x**3 - 15*x**2 + x - 1. Suppose -4*w = -a - 62, -4*w = 4*a - 38 - 14. What are the prime factors of l(w)?
2, 7
Let z(q) = -q**3 + 13*q**2 - 8*q - 44. List the prime factors of z(-6).
2, 43
Suppose 4*y = -3*v + 3424 + 5960, 5*y - 11737 = -2*v. List the prime factors o